{"id":53,"date":"2018-05-29T22:00:38","date_gmt":"2018-05-29T20:00:38","guid":{"rendered":"http:\/\/monikamoryn.pl\/?page_id=53"},"modified":"2019-05-29T21:06:28","modified_gmt":"2019-05-29T19:06:28","slug":"about","status":"publish","type":"page","link":"https:\/\/monikamoryn.pl\/?page_id=53","title":{"rendered":"O mnie"},"content":{"rendered":"<div data-content-area-measurer=\"true\" data-aid=\"content-area-measurer-x3nma\">&nbsp;<\/div>\n<div id=\"comp-jf5jtf70\" class=\"txtNew\" data-packed=\"true\">\n<p class=\"font_8\">Monika, mama dla sze\u015bciorga.<\/p>\n<p><img loading=\"lazy\" decoding=\"async\" class=\"alignnone wp-image-992 \" src=\"http:\/\/monikamoryn.pl\/wp-content\/uploads\/2018\/12\/39762409_10156543937644793_2905637910814392320_o-201x300.jpg\" alt=\"\" width=\"272\" height=\"406\" srcset=\"https:\/\/monikamoryn.pl\/wp-content\/uploads\/2018\/12\/39762409_10156543937644793_2905637910814392320_o-201x300.jpg 201w, https:\/\/monikamoryn.pl\/wp-content\/uploads\/2018\/12\/39762409_10156543937644793_2905637910814392320_o-768x1148.jpg 768w, https:\/\/monikamoryn.pl\/wp-content\/uploads\/2018\/12\/39762409_10156543937644793_2905637910814392320_o.jpg 897w\" sizes=\"(max-width: 272px) 100vw, 272px\" \/><\/p>\n<p>&nbsp;<\/p>\n<p>[Zdj. Iza Faber]<\/p>\n<p>Macierzy\u0144stwo jest inspiruj\u0105ce. W\u0142a\u015bnie ono wyzwoli\u0142o we mnie kilka pasji, na kt\u00f3re nie mia\u0142abym czasu, gdybym pracowa\u0142a zawodowo. Jedn\u0105 z nich jest fotografowanie &#8211; uwielbiam podgl\u0105da\u0107 rzeczywisto\u015b\u0107, podpatrywa\u0107 moje dzieci, ich relacj\u0119, zainteresowania, wydobywa\u0107 na \u015bwiat\u0142o dzienne to, kim s\u0105 i zatrzymywa\u0107 to w zdj\u0119ciach.<\/p>\n<p>Jestem fotografem rodziny. Wszystko to, co z \u017cycia wymaga utrwalenia, zamykam w obrazach!<\/p>\n<p class=\"font_8\"><span class=\"wixGuard\">\u200b<\/span><\/p>\n<p class=\"font_8\">Kontakt do mnie: foto@monikamoryn.pl<\/p>\n<p class=\"font_8\"><span class=\"wixGuard\">\u200b<\/span><\/p>\n<p class=\"font_8\">TELEFON: 502024662<\/p>\n<p class=\"font_8\"><span class=\"wixGuard\">\u200b<\/span><\/p>\n<p class=\"font_8\">Jestem ze \u015al\u0105ska:)<\/p>\n<p>&nbsp;<\/p>\n<p><strong>Uko\u0144czy\u0142am kursy Akademii Fotografii Dzieci\u0119cej:<\/strong><\/p>\n<p>&#8211; Wprowadzenie do fotografii dla mam<\/p>\n<p>&#8211; Fotografia dzieci\u0119ca dla mam cz. I<\/p>\n<p>&#8211; Fotografia dzieci\u0119ca dla mam cz. II<\/p>\n<p>&#8211; Sekrety fotografowania emocji<\/p>\n<p>&#8211; Obr\u00f3bka i publikowanie zdj\u0119\u0107 w Adobe Lightroom<\/p>\n<p>&#8211; Planeta Photoshop<\/p>\n<p>&#8211; Uniwersytet Akademii Fotografii Dzieci\u0119cej, semestr 1<\/p>\n<p>&nbsp;&#8211; Uniwersytet Akademii Fotografii Dzieci\u0119cej, semestr 2<\/p>\n<p>&#8211; Warsztaty Finalne Mistrzowskie<\/p>\n<p>&nbsp;<\/p>\n<p>&nbsp;<\/p>\n<p>\u200bBra\u0142am udzia\u0142 w warsztatach:<\/p>\n<p>&#8211; <a href=\"http:\/\/iwonapodlasinska.com\/\">Iwony Podlasi\u0144skiej<\/a> \u2013 fotografia plenerowa<\/p>\n<p>&#8211; <a href=\"https:\/\/www.facebook.com\/aliciaphoto\/?timeline_context_item_type=intro_card_work&amp;timeline_context_item_source=1600662618\">Alicji Kozdra\u015b<\/a> &#8211; fotografia lifestyle<\/p>\n<p>&#8211; Marty Obieg\u0142y &#8211; lifestyle&#8217;owa fotografia noworodkowa<\/p>\n<p>&#8211; Izy Faber &#8211; warsztaty z lampy b\u0142yskowej<\/p>\n<\/div>\n","protected":false},"excerpt":{"rendered":"<p>&nbsp; Monika, mama dla sze\u015bciorga. &nbsp; [Zdj. Iza Faber] Macierzy\u0144stwo jest inspiruj\u0105ce. W\u0142a\u015bnie ono wyzwoli\u0142o we mnie kilka pasji, na kt\u00f3re nie mia\u0142abym czasu, gdybym pracowa\u0142a zawodowo. Jedn\u0105 z nich jest fotografowanie &#8211; uwielbiam podgl\u0105da\u0107 rzeczywisto\u015b\u0107, podpatrywa\u0107 moje dzieci, ich relacj\u0119, zainteresowania, wydobywa\u0107 na \u015bwiat\u0142o dzienne to, kim s\u0105 i zatrzymywa\u0107 to w zdj\u0119ciach. Jestem [&hellip;]<\/p>\n","protected":false},"author":1,"featured_media":0,"parent":0,"menu_order":0,"comment_status":"closed","ping_status":"closed","template":"","meta":{"ngg_post_thumbnail":0,"footnotes":""},"_links":{"self":[{"href":"https:\/\/monikamoryn.pl\/index.php?rest_route=\/wp\/v2\/pages\/53"}],"collection":[{"href":"https:\/\/monikamoryn.pl\/index.php?rest_route=\/wp\/v2\/pages"}],"about":[{"href":"https:\/\/monikamoryn.pl\/index.php?rest_route=\/wp\/v2\/types\/page"}],"author":[{"embeddable":true,"href":"https:\/\/monikamoryn.pl\/index.php?rest_route=\/wp\/v2\/users\/1"}],"replies":[{"embeddable":true,"href":"https:\/\/monikamoryn.pl\/index.php?rest_route=%2Fwp%2Fv2%2Fcomments&post=53"}],"version-history":[{"count":15,"href":"https:\/\/monikamoryn.pl\/index.php?rest_route=\/wp\/v2\/pages\/53\/revisions"}],"predecessor-version":[{"id":1407,"href":"https:\/\/monikamoryn.pl\/index.php?rest_route=\/wp\/v2\/pages\/53\/revisions\/1407"}],"wp:attachment":[{"href":"https:\/\/monikamoryn.pl\/index.php?rest_route=%2Fwp%2Fv2%2Fmedia&parent=53"}],"curies":[{"name":"wp","href":"https:\/\/api.w.org\/{rel}","templated":true}]}}